2 + 219*z + 2547. What is the remainder when w(-62) is divided by 243?
15
Let q(j) = -60*j - 1490. What is the remainder when 135 is divided by q(-26)?
65
Let j(s) = 2*s**2 + 174*s - 2288. What is the remainder when j(13) is divided by 9?
6
Let v = -13331 - -13578. Calculate the remainder when 1750 is divided by v.
21
Let c = -793 + 878. Suppose -x + 3*x - 4*z = 48, -2*x + 51 = -3*z. What is the remainder when c is divided by x?
25
Let k(g) = g**2 - 65*g + 1119. Calculate the remainder when k(42) is divided by 79.
74
Suppose -31679 = 466*c - 54513. Suppose -5*u + 0*u = -715. Calculate the remainder when u is divided by c.
45
Let d be 2 + (21 - (0 + 2)) + -1. Suppose d*s - 12 = 19*s. Suppose 2*v - s = 22. Calculate the remainder when 66 is divided by v.
15
Suppose 2*d - 41 + 39 - 170 = 0. Calculate the remainder when 4556 is divided by d.
84
Let d = -65 - -325. Suppose 0 = -5*k - 2*z + d, 4*k - 82 = -z + 123. What is the remainder when k is divided by 18?
14
Suppose -5*h - 5*n = -4095, -1644 = -2*h - 701*n + 697*n. Calculate the remainder when h is divided by 3.
0
Let o(h) = 5*h**2 - 13*h + 55. Let v(p) = p**2 - p + 1. Let x(l) = o(l) - 4*v(l). What is the remainder when 214 is divided by x(11)?
68
Let p(t) = t**2 - 70*t + 861. Calculate the remainder when 94 is divided by p(15).
22
Let r(k) = 51*k + 8081. Calculate the remainder when r(-149) is divided by 51.
23
Suppose -19*b + 2*b + 612 = 0. Let z = 146 - b. Calculate the remainder when z is divided by 31.
17
Let v be -1*(942/(-2) - -2). Suppose -3*r + v = -170. Calculate the remainder when r is divided by 74.
65
Suppose 0 = -5*l - 6*n + 533, -4*n = -3*l + 330 - 33. What is the remainder when 1128 is divided by l?
98
Let t = 314 - 168. What is the remainder when t is divided by 38 - -3*(8 - 7)*-5?
8
Suppose -j + 10*j = 9887 + 2191. Calculate the remainder when j is divided by 148.
10
Let o(k) = 40*k - 24. Let f be o(4). Suppose 260*w - f = 252*w. What is the remainder when 82 is divided by w?
14
Let j(u) = 2*u**2 - 2*u - 3. Let d be j(2). Let h(c) = 33*c + 2. What is the remainder when h(d) is divided by 11?
2
Let j = 11390 - 11268. Calculate the remainder when 911 is divided by j.
57
Let k(n) = -n**2 + 10*n + 22. Let b be k(10). Let z(f) = f**3 - 23*f**2 + 28*f - 53. What is the remainder when z(b) is divided by 27?
25
Let m(d) = 17*d**2 - 240*d + 38. Calculate the remainder when 81 is divided by m(14).
1
Suppose -v = 4, 8*f - 284 = 6*f - 4*v. Suppose 0*o - 4*o = -88. Calculate the remainder when f is divided by o.
18
Let m(z) = z**3 - 11*z**2 - z + 15. Let c be m(11). Let k = c + 138. Suppose k + 82 = 8*h. What is the remainder when 82 is divided by h?
26
Suppose -21 = 5*i - 256. Suppose -3*r = -161 - 1. Suppose -r = 5*j - 14*j. Calculate the remainder when i is divided by j.
5
Suppose -u - 5*w + 408 = 0, 30*w - 35*w = 5*u - 2100. Calculate the remainder when u is divided by 85.
83
Let z(y) = 368*y**3 - y + 1. Suppose -a - 2*c = 697 - 718, 2*a = 4*c - 6. What is the remainder when z(1) is divided by a?
8
Suppose -3*f = -2*c + 1064, -4*c - 3*f - 604 = -2786. Calculate the remainder when c is divided by 147.
100
Suppose -4*d - 2*i = 0, 14 = d - i - 2*i. Let r(a) = -16 + 5 + d*a - 26 + 0*a. Calculate the remainder when 4 is divided by r(20).
1
Suppose n = p + 15, -3*n - 3*p = -8*n + 81. Suppose -17831 = -168*z + 6193. Calculate the remainder when z is divided by n.
17
Suppose -8 = 4*h, -62*g + 2*h = -59*g - 2956. Calculate the remainder when g is divided by 54.
12
Suppose 4*v - 84*j = -85*j + 48, -5*v = 5*j - 75. Calculate the remainder when 108 is divided by v.
9
Let m(j) = -15*j - 56. Let d = -33 - -62. Let y = d + -26. Calculate the remainder when m(-4) is divided by y.
1
Let o(s) = 3*s**3 + 2*s**2 + s - 5. Let m be o(4). Suppose 0 = -r - t + 43, -5*r + t + m = 8. Calculate the remainder when 125 is divided by r.
39
Suppose 0 = -0*p - 6*p + 192. Suppose -36*l + p*l + 84 = 0. Calculate the remainder when l is divided by 9.
3
Let x = -66 + 121. Suppose x = 18*h - 7*h. Calculate the remainder when 17 is divided by h.
2
Let h(c) = -c**3 + 10*c**2 - 23*c - 8. Let m be h(6). What is the remainder when 51 is divided by m/(4 - 184/44)?
7
Suppose 12471 = 12*q - 10125. Suppose -6*i + q = i. What is the remainder when i is divided by 34?
31
Suppose 21*o = 57472 + 1643. What is the remainder when o is divided by 22?
21
Let w = -422 - -428. Calculate the remainder when 110 is divided by 42 - (-4 + (53 - 5)/w).
34
Let s(v) = 355*v**3 - v**2 - 23*v + 24. Calculate the remainder when s(1) is divided by 28.
19
Let o(n) = -2*n**3 + 13*n**2 - 9*n + 6. Let d be o(6). Let z(f) = 2*f**2 + 19*f + 25. Suppose 5*g + 116 = 9*g. What is the remainder when z(d) is divided by g?
27
Let k = 6194 - 5886. What is the remainder when k is divided by 95?
23
Suppose 2*g = 4*j - 78, -3*j - 2*g + 5*g + 54 = 0. Suppose -j*c = -22*c + 60. What is the remainder when c is divided by 21?
18
Calculate the remainder when 484 is divided by (-5)/(-15) + ((-12)/45)/(37/(-17575)).
103
Suppose 13*w - 32*w + 9633 = 0. What is the remainder when w is divided by 100?
7
Let m = 21 + -36. Let x = -21 - m. Calculate the remainder when (-3 - x)/((-4)/(-124)) is divided by 19.
17
Let b(m) = -4*m**2 + 54*m - 16. What is the remainder when 248 is divided by b(12)?
24
Suppose -315 = -13*t + 34*t. Suppose m - 8 = 3. Calculate the remainder when m is divided by 0 - (t - (-2 + -6)).
4
Let v(s) = 26*s - 89. What is the remainder when v(9) is divided by 52?
41
Suppose 0 = 44*n - 85024 + 49560. Calculate the remainder when 4052 is divided by n.
22
Let d(f) = -11*f**2 + 5*f - 2. Let o be d(4). Let j = o + 300. Suppose 4*l + 0*v = -v + 68, 4*l - 48 = 4*v. What is the remainder when j is divided by l?
14
Suppose -105*s + 178*s - 3673 = 3627. What is the remainder when 1369 is divided by s?
69
Let o = -14112 + 14156. What is the remainder when 2066 is divided by o?
42
Suppose 5*h + 4*x = 1316 + 649, -2*h + 804 = -2*x. What is the remainder when h is divided by 129?
10
Let i = 24110 + -22707. What is the remainder when i is divided by 697?
9
Let a(b) = 5*b. Suppose 15*f - 325 = 1775. Suppose -4*t + 4*l + f = 0, 55 = 2*t - t + 4*l. Calculate the remainder when t is divided by a(4).
19
Suppose -5*l - n + 396 + 78 = 0, l - 96 = n. Suppose -2631*x = -2634*x + 852. Calculate the remainder when x is divided by l.
94
Suppose f + 2*f = 90. Let z = 14611 - 14562. Suppose -l + 2*p = -z, l + p - 13 = f. What is the remainder when l is divided by 16?
13
Let w = -26357 + 26427. Calculate the remainder when 2251 is divided by w.
11
Let o(a) = -11*a - 52 - 101 - 29 - 2*a. Calculate the remainder when 121 is divided by o(-16).
17
What is the remainder when 200 is divided by (2/6 + (-200)/(-75))*(-1 - -5)?
8
Suppose -10 - 4 = -7*a. Suppose b = -3*d + 2*b + 18, a*d + b = 7. Suppose -d*p - 5 = 0, 14 + 55 = 2*i - 5*p. Calculate the remainder when 63 is divided by i.
31
Let m be 2/(-4) + 81/18. Suppose -m = -5*z + 56. Suppose -2*k + 0*k = -3*l + 29, -z = -4*l - 4*k. What is the remainder when 13 is divided by l?
6
Let z(w) = -3759*w**2 - 2*w + 1. Let q be z(1). Let d be q/(-64) - 1/(-4). Let g = 64 - d. Calculate the remainder when g is divided by 4.
1
What is the remainder when -2 + (-9483)/(-39) + 2/(-13) is divided by 135?
106
Let t be (0 - 54) + (2 - -2). Let u = 131 + t. What is the remainder when u is divided by (3 + -5)/(2/(-28))?
25
Calculate the remainder when 21174 is divided by 33*(-24)/(-44) - (6 - 1).
10
Suppose 3 = k - 6. Suppose 0 = 12*w - 19*w + 700. Calculate the remainder when w is divided by (-2)/k + 155/9.
15
Suppose -d + 17 = 2*u + 27, 5 = -d - u. Suppose d = -11*n + n + 110. What is the remainder when 80 is divided by n?
3
Suppose 0*r - 3*b = 2*r - 1458, -b - 2198 = -3*r. Let q = 1029 - r. Let g = -43 + q. Calculate the remainder when g is divided by 51.
50
Suppose 3*z - 51*p + 50*p - 495 = 0, 827 = 5*z - 2*p. What is the remainder when z is divided by 67?
29
Suppose 0 = 82*j - 2283 - 833. Calculate the remainder when 62 is divided by j.
24
Suppose -3 = -2*v - 0*j - j, 4*v - 4*j = 36. Suppose v*t = -0*t + 16, 0 = -4*k + 2*t + 436. Let u = -63 + k. Calculate the remainder when u is divided by 25.
23
Suppose 0 = 34*f - 38*f + 1028. Suppose -3*b + 217 + f = 